divided by c.
25
Calculate the remainder when 218 is divided by (3416/112)/((-2)/(-4)).
35
Let h(n) = 7*n**2 + 6*n + 7. Let x be h(-4). Let l = -2 - -7. Suppose 0*z + l*z = x. Calculate the remainder when z is divided by 5.
4
Let g = -1361 - -1420. What is the remainder when 212 is divided by g?
35
Suppose 46*j - 50*j + 176 = 0. What is the remainder when j is divided by 34?
10
Suppose -2*d - 4*u = -272, -3*d = -5*d + 5*u + 227. What is the remainder when d is divided by 480/18*(-6)/(-5)?
30
Let p(s) = 24*s - 24. Let f(u) = 25*u - 24. Let x(q) = 3*f(q) - 4*p(q). Calculate the remainder when x(-4) is divided by 56.
52
Suppose 219 = 17*o - 410. What is the remainder when o is divided by 13?
11
Suppose -3*z - 7 = -2*o, 3*z - 6*z - 5*o + 7 = 0. Let j be -6 - (z - 0 - -4). Let b(l) = l**2 + 3*l - 11. What is the remainder when b(j) is divided by 12?
7
Suppose 0 = -4*t - t + 10. Suppose t*v - 148 = -2*v. Suppose x + 2*q + 3*q = v, 3*x = 3*q + 21. Calculate the remainder when 34 is divided by x.
10
Let k be 23/(-2) + (63/14 - 5). Let g(q) = q**2 + 11*q + 11. Calculate the remainder when g(k) is divided by 3.
2
Let r(u) = -u + 0*u - 4 + 3*u. What is the remainder when ((-18)/4)/((-1)/6) is divided by r(7)?
7
Calculate the remainder when 72/27 + -2 - (-566)/6 is divided by 32.
31
Let v = -32 - -46. Suppose 0 = 4*c - 4*j - 236, 3*c - 2*c - 2*j - 64 = 0. What is the remainder when c is divided by v?
12
Suppose 2*x = x - 5*w + 121, 4*x - 2*w - 550 = 0. What is the remainder when x is divided by 7?
3
Let g(m) = m**3 + 4*m**2 - 3*m - 3. Suppose 4*s - 4 = 8. Suppose 91 = s*l + 2*h - 36, 5*l + 5*h = 215. What is the remainder when l is divided by g(-2)?
8
Let m(z) = -z**2 - z + 10. Let c = -11 - -11. Let q = 88 + -51. Calculate the remainder when q is divided by m(c).
7
Let v be (2 - -1)/(-3) + 5. Suppose 9 + 3 = -v*z. Calculate the remainder when 30 is divided by -2 - (-5 - z) - -16.
14
Suppose 36*n = 75*n - 2769. Calculate the remainder when n is divided by 41.
30
Suppose 0 = 2*k - 8, -2*k - 62 = -4*w + 94. What is the remainder when 101 is divided by w?
19
Suppose 2*h = -0*h - 6. Calculate the remainder when (41 + h)/((-1)/(-1)) is divided by 1128/60 - 114/(-95).
18
Suppose 17*x = -25*x + 1260. What is the remainder when x is divided by 11?
8
Let z = -14 + 20. Suppose 3*s - z = 6. Suppose k = -2*k + s*y + 72, 66 = 3*k - 2*y. What is the remainder when k is divided by 11?
9
Calculate the remainder when (-4 + -9 + 10)*(-9 + -1) is divided by 16.
14
Let f = 336 + -175. Suppose -2*b + 0*b - 3*n + 21 = 0, n - 42 = -3*b. What is the remainder when f is divided by b?
11
Let l(x) = -4*x + 8. Let b be (-171)/(-12) + 3/(-12). Let f(r) = r**3 - 13*r**2 - 7*r - 3. Calculate the remainder when f(b) is divided by l(-6).
31
Suppose 129*s - 1113 = 108*s. Calculate the remainder when 185 is divided by s.
26
Suppose -2*p - 100 = 3*v, p + 188 = -5*v + 3*p. Let m = v - -66. What is the remainder when 118 is divided by m?
28
Let g be (-4 + 2)/((-1)/(-4)). Let l be (-4)/g + (-27)/(-6). What is the remainder when 4*l + (5 - 8) is divided by 10?
7
Suppose -182 + 35 = -7*i. What is the remainder when 34 is divided by 61/7 + 69/i + -3?
7
Let h(t) = -49*t - 3. Suppose 5*d = -5*o - 30, o + 0*o + 18 = -5*d. What is the remainder when h(d) is divided by 37?
33
Let k(l) = -5*l - 1. Let p be k(-3). Let w = -12 - p. Calculate the remainder when (-3)/15 - w/5 is divided by 4.
1
Suppose 0 = 3*b - 6, 2*b - 8 - 224 = -3*x. Suppose 2*d - 24 - 22 = -4*g, -5*d = -g + 6. What is the remainder when x is divided by g?
10
Let p = 33 + -238. Let y be (p/20)/(2/(-8)). Suppose -5*o + 34 + y = 0. Calculate the remainder when o is divided by 4.
3
Let y(h) be the third derivative of h**5/60 + h**4/12 + 5*h**3/6 - 42*h**2. Let x be 3/4*(1 + -5). What is the remainder when 39 is divided by y(x)?
7
Let u(m) be the first derivative of 3*m**2/2 - 8*m + 37. What is the remainder when 76 is divided by u(16)?
36
Let c = 34 + -24. Let w = -9 + c. What is the remainder when 4 is divided by (1 + -2)*(-3 + w)?
0
Suppose 4*h + 3*f - 51 = 0, 20 = -5*h - f + 70. Suppose 0 = -7*b + 187 - 12. Calculate the remainder when b is divided by h.
7
Let h = 6 + -3. Let f be ((-2)/2)/((-3)/6). Suppose f*y - 95 = -h*y. What is the remainder when 36 is divided by y?
17
Let y(q) = 20*q**2 - 1. Suppose 2*z + 3*v + 0 = 2, 4 = 4*z + 5*v. Let k be y(z). Suppose -x = k - 54. What is the remainder when x is divided by 9?
8
Let a(h) = -h**2 + 24*h - 125. Calculate the remainder when 25 is divided by a(8).
1
Let d be ((8/2 - 1) + -3)/(-2). Suppose 3 = 5*x - 22. Suppose x*l - 306 - 19 = d. Calculate the remainder when l is divided by 17.
14
Let c = -36 - -116. Suppose 3*s + 3*y - 120 = 0, -5*s - 3*y + c = -110. Suppose 30 + 19 = 4*z - j, 0 = j + 1. What is the remainder when s is divided by z?
11
Suppose 5*n - 94 = -z, -24*n + 19*n = -4*z - 74. Calculate the remainder when 58 is divided by n.
4
Suppose 5*x - 29 = -y + 9, -5*y = x - 238. Let c = y + 2. Suppose -k - 2*v + 18 = -3*v, 2*v + c = 3*k. Calculate the remainder when 39 is divided by k.
11
Let z(j) = 104*j + 11. Calculate the remainder when z(1) is divided by 40.
35
Let o be 0/(-3*2/18*3). Suppose 8*v + 3 - 115 = o. Calculate the remainder when 107 is divided by v.
9
Let x(j) = j**2 - 2*j + 3. Let c be x(2). Suppose -2*u + 4*t + 243 = u, c*u + 4*t = 243. What is the remainder when u is divided by 44?
37
Calculate the remainder when 291 is divided by (-213)/(-7 - 12/(-3)).
7
Suppose -c - 2*y = -63, -52*c = -50*c + 3*y - 125. Calculate the remainder when c is divided by 41.
20
Suppose -4*a + 12 = -0*a - 4*s, 0 = 4*a - 3*s - 14. Suppose 5*d = -a*n + 100, -d - 158 = -5*n - 52. Calculate the remainder when 40 is divided by n.
19
Let g = 9 + -4. Suppose 0 = g*i - 4*i - 12. What is the remainder when 31 is divided by i?
7
Suppose -5*k + 18 = -17. Suppose 45 = k*y - 60. What is the remainder when 42 is divided by y?
12
Suppose -9*n - 44 + 233 = 0. Suppose -2 + 11 = 3*x. Let a = n - x. Calculate the remainder when 71 is divided by a.
17
Suppose 263 = 17*s - 264. Calculate the remainder when 90 is divided by s.
28
Suppose -21*n + 16*n - 25 = 0, -c + 29 = 5*n. What is the remainder when c is divided by 7?
5
Let r be (-2)/(-7) + 626/14. Let p be (-3 - 3) + 3 + 3. Suppose 4*w - 9*w + r = p. Calculate the remainder when 26 is divided by w.
8
Let v(o) = 6*o**2 + 8*o + 1. Let c = 48 + -23. What is the remainder when c is divided by v(-2)?
7
What is the remainder when 128 is divided by 2/4 + ((-765)/(-6))/5?
24
Calculate the remainder when 35 is divided by (84/(-147) + 109/7)*1.
5
Suppose -3*m + 6*m - 3*p = 21, -3*p - 5 = -m. Let z(o) = 13*o - 13. Let j be z(5). Calculate the remainder when (j/8)/((-4)/(-8)) is divided by m.
5
Let z be (36/54)/((-2)/33). Let c = z + 41. What is the remainder when c is divided by 4?
2
What is the remainder when (-58)/(-493) - (-2157)/17 is divided by 10?
7
Let k = 750 + -739. Calculate the remainder when 71 is divided by k.
5
Let u(z) = -54*z - 3. Calculate the remainder when u(-3) is divided by 18.
15
Let o = 575 + -547. What is the remainder when 79 is divided by o?
23
Let c(b) = -b**3 - 5*b**2 + 4*b + 7. Calculate the remainder when 77 is divided by c(-6).
1
Suppose -m = -o - 4, -16*m + 17*m - 4*o = 4. Calculate the remainder when 34 is divided by m.
2
Let m = -1629 - -1631. What is the remainder when ((-4)/6)/((-2)/9) is divided by m?
1
Let a = 249 + -247. Let f(w) = w**2 + 12. Let b be f(0). Let g = b + a. Calculate the remainder when g is divided by 9.
5
Let q(u) = 3*u + 43. Let k be q(-6). Suppose 0 = -3*z + 8 + 7, -k = -5*t + 2*z. Calculate the remainder when 10 is divided by t.
3
Let i(q) = -q + 20. What is the remainder when 22 + (-4 - (-3)/3) is divided by i(9)?
8
Let c(i) = i**3 - i**2 + 1. Let r be c(3). Let a = 21 - r. Suppose -a*q - 3*q = -4*b + 58, b = 3*q + 18. What is the remainder when 34 is divided by b?
10
Let v = 36 - 30. Calculate the remainder when 1 is divided by 2/v*(-3 - -6).
0
Let a(o) = o**3 + 11*o**2 + 7*o - 6. Calculate the remainder when 1674/12*2/3 is divided by a(-10).
21
Let n = 102 - 95. What is the remainder when 20 is divided by n?
6
Suppose x = 1, 6*r - x + 4 = 9*r. Suppose -56 - 20 = -4*w. Suppose k + 2*k + 8 = -z, -4*z = -5*